 of 6788893?
1319, 5147
List the prime factors of 1412645752.
2, 7, 25225817
List the prime factors of 567698406.
2, 3, 11, 8601491
List the prime factors of 1441613811.
3, 11, 43685267
What are the prime factors of 137418108?
2, 3, 19, 602711
List the prime factors of 215170596.
2, 3, 5976961
List the prime factors of 154315162.
2, 1367, 56443
List the prime factors of 383415870.
2, 3, 5, 3457, 3697
List the prime factors of 346227026.
2, 173113513
What are the prime factors of 30427968?
2, 3, 19, 439
What are the prime factors of 862072238?
2, 727, 592897
What are the prime factors of 645424528?
2, 7, 19, 23, 13187
List the prime factors of 872908668.
2, 3, 661, 36683
What are the prime factors of 33827631?
3, 509, 22153
What are the prime factors of 17949694?
2, 7, 1282121
List the prime factors of 49644319.
2243, 22133
List the prime factors of 1206952346.
2, 3299, 182927
What are the prime factors of 216286340?
2, 5, 157, 68881
List the prime factors of 13257223.
7, 23, 67, 1229
List the prime factors of 25292354.
2, 12646177
What are the prime factors of 3206973696?
2, 3, 4175747
What are the prime factors of 212974416?
2, 3, 467, 3167
List the prime factors of 12310859.
11, 1119169
What are the prime factors of 136289600?
2, 5, 103, 827
List the prime factors of 877129462.
2, 11, 5437, 7333
What are the prime factors of 1706566548?
2, 3, 19, 7484941
List the prime factors of 47936365.
5, 1033, 9281
List the prime factors of 48983700.
2, 3, 5, 67, 2437
List the prime factors of 53049550.
2, 5, 1060991
What are the prime factors of 1784739114?
2, 3, 653, 151841
What are the prime factors of 2150504?
2, 268813
What are the prime factors of 941152650?
2, 3, 5, 19, 330229
What are the prime factors of 57831992?
2, 7228999
What are the prime factors of 382512228?
2, 3, 7, 199, 467
List the prime factors of 1478059504.
2, 59, 1565741
List the prime factors of 1309711461.
3, 53, 2551, 3229
List the prime factors of 909800432.
2, 47, 1209841
List the prime factors of 492719061.
3, 164239687
List the prime factors of 2277448423.
967, 2355169
What are the prime factors of 15152978?
2, 83, 91283
List the prime factors of 3878994110.
2, 5, 97, 907, 4409
What are the prime factors of 163648149?
3, 7, 7792769
List the prime factors of 180015132.
2, 3, 11, 1363751
What are the prime factors of 944375121?
3, 104930569
List the prime factors of 1378125402.
2, 3, 229687567
List the prime factors of 1426570.
2, 5, 142657
List the prime factors of 247476103.
7, 47, 752207
What are the prime factors of 150091181?
17, 31, 284803
What are the prime factors of 25982808?
2, 3, 97, 11161
What are the prime factors of 692147309?
7, 211, 251, 1867
What are the prime factors of 1703504067?
3, 283, 2006483
List the prime factors of 15064106.
2, 37, 203569
What are the prime factors of 46601995?
5, 11, 847309
What are the prime factors of 2133496575?
3, 5, 7, 1354601
What are the prime factors of 134035270?
2, 5, 131, 102317
List the prime factors of 317363330.
2, 5, 31736333
List the prime factors of 36086046.
2, 3, 31, 131, 1481
List the prime factors of 36352324.
2, 17, 67, 79, 101
List the prime factors of 37173729.
3, 12391243
What are the prime factors of 63847871?
271, 235601
List the prime factors of 516293951.
2411, 214141
List the prime factors of 3176113475.
5, 6917, 18367
What are the prime factors of 550445951?
11, 31, 41, 39371
List the prime factors of 93865920.
2, 3, 5, 97777
List the prime factors of 4490536121.
337, 971, 13723
What are the prime factors of 245952899?
127, 1936637
What are the prime factors of 2634537508?
2, 409, 1610353
List the prime factors of 13782810.
2, 3, 5, 459427
List the prime factors of 25560936.
2, 3, 109, 3257
List the prime factors of 3219311143.
43, 74867701
List the prime factors of 267640998.
2, 3, 109, 409237
List the prime factors of 102679374.
2, 3, 7, 421, 5807
What are the prime factors of 55909358?
2, 101, 276779
List the prime factors of 86741602.
2, 23, 47, 53, 757
List the prime factors of 470286402.
2, 3, 17, 4610651
What are the prime factors of 118408656?
2, 3, 41, 60167
What are the prime factors of 188222967?
3, 6971221
What are the prime factors of 128823246?
2, 3, 17, 73, 79
What are the prime factors of 40240070?
2, 5, 13, 309539
List the prime factors of 3367601773.
461, 7304993
What are the prime factors of 1188178?
2, 67, 8867
List the prime factors of 212919206.
2, 19, 541, 10357
What are the prime factors of 82258729?
7, 197, 59651
List the prime factors of 4405006755.
3, 5, 53, 1846963
What are the prime factors of 223168698?
2, 3, 12398261
List the prime factors of 2035589.
103, 19763
What are the prime factors of 173949016?
2, 21743627
What are the prime factors of 1666021286?
2, 833010643
List the prime factors of 85012776.
2, 3, 1180733
List the prime factors of 48896832.
2, 3, 37, 6883
List the prime factors of 820552814.
2, 410276407
List the prime factors of 2200488849.
3, 13, 223, 9371
List the prime factors of 210364453.
13, 16181881
List the prime factors of 46425572.
2, 17, 682729
List the prime factors of 321368926.
2, 19, 23, 367699
List the prime factors of 130758833.
130758833
What are the prime factors of 9145439?
17, 71, 7577
What are the prime factors of 59054066?
2, 2341, 12613
List the prime factors of 27271798.
2, 13635899
List the prime factors of 10970540.
2, 5, 7, 23, 3407
List the prime factors of 35093329.
35093329
List the prime factors of 15733597.
11, 227, 6301
What are the prime factors of 4151553761?
4151553761
What are the prime factors of 578482234?
2, 11, 26294647
What are the prime factors of 9029636298?
2, 3, 97, 137, 12583
List the prime factors of 464320963.
241, 823, 2341
What are the prime factors of 482548382?
2, 443, 449, 1213
List the prime factors of 346109881.
13, 43, 619159
What are the prime factors of 27159075?
3, 5, 19, 6353
What are the prime factors of 733643023?
10937, 67079
List the prime factors of 396091.
396091
What are the prime factors of 158282743?
67, 83, 28463
List the prime factors of 404114134.
2, 911, 221797
List the prime factors of 76515290.
2, 5, 7651529
List the prime factors of 146078934.
2, 3, 23, 1058543
What are the prime factors of 1453277169?
3, 161475241
What are the prime factors of 1054072267?
17, 23, 2695837
List the prime factors of 335439469.
2663, 125963
List the prime factors of 1163151279.
3, 31, 1389667
List the prime factors of 30329816.
2, 11, 523, 659
What are the prime factors of 479755573?
11, 43614143
What are the prime factors of 683682392?
2, 5657, 15107
What are the prime factors of 877065462?
2, 3, 7, 13, 17, 10499
List the prime factors of 48157218.
2, 3, 281, 9521
What are the prime factors of 1181220594?
2, 3, 196870099
List the prime factors of 653935332.
2, 3, 89, 281, 2179
List the prime factors of 73810549.
17, 61, 109, 653
What are the prime factors of 895732177?
895732177
What are the prime factors of 153502509?
3, 2273, 22511
What are the prime factors of 1303423467?
3, 71, 389, 15731
List the prime factors of 13935898.
2, 6967949
What are the prime factors of 350179418?
2, 175089709
List the prime factors of 63983207.
63983207
List the prime factors of 5295694546.
2, 2647847273
List the prime factors of 348254694.
2, 3, 6449161
What are the prime factors of 333209159?
29, 11489971
List the prime factors of 1309649089.
7, 97, 1928791
What are the prime factors of 391456016?
2, 7, 167, 20929
List the prime factors of 7405607803.
11, 673237073
What are the prime factors of 5226867128?
2, 7, 313, 298201
List the prime factors of 1040566073.
17, 43, 1423483
What are the prime factors of 39979772?
2, 7, 83, 17203
What are the prime factors of 64899193?
19, 3415747
List the prime factors of 1006177532.
2, 10313, 24391
What are the prime factors of 312218465?
5, 13, 4803361
What are the prime factors of 21460739?
283, 75833
What are the prime factors of 7865589?
3, 2621863
List the prime factors of 130030601.
127, 397, 2579
List the prime factors of 82197794.
2, 7, 37, 22669
List the prime factors of 137549100.
2, 3, 5, 13, 2713
What are the prime factors of 5090071257?
3, 31, 18243983
What are the prime factors of 97454850?
2, 3, 5, 67, 9697
What are the prime factors of 10551396?
2, 3, 879283
